
31625 (base 7) to base 9
11702
Convert 2610 (base 10) to base 9.
3520
-10b39 (base 12) to base 6
-251313
-320402 (base 6) to base 4
-12113102
Convert 3424 (base 6) to base 13.
4a2
What is 87354 (base 9) in base 13?
20467
89e3 (base 16) to base 10
35299
2134 (base 5) to base 7
600
Convert -3124 (base 10) to base 12.
-1984
-5640 (base 10) to base 4
-1120020
Convert 145360 (base 8) to base 2.
1100101011110000
251105 (base 6) to base 11
15823
-100100110011011 (base 2) to base 4
-10212123
What is -700 (base 12) in base 5?
-13013
What is -201122 (base 3) in base 10?
-530
Convert 7885 (base 9) to base 11.
4419
What is 104504 (base 7) in base 5?
1042203
12302 (base 4) to base 9
532
-100000000011 (base 2) to base 10
-2051
Convert 106 (base 13) to base 11.
14a
What is -52252 (base 7) in base 6?
-135214
-2 (base 12) to base 16
-2
Convert 1001013 (base 4) to base 10.
4167
Convert 3102 (base 7) to base 8.
2070
Convert 1122030 (base 4) to base 8.
13214
-1ad (base 15) to base 6
-1444
Convert 33417 (base 10) to base 4.
20022021
44366 (base 7) to base 12
656b
3040 (base 7) to base 14
557
What is 234063 (base 8) in base 9?
131563
Convert 546 (base 12) to base 8.
1406
8b (base 15) to base 14
95
-544 (base 12) to base 7
-2152
What is 884 (base 11) in base 14?
55a
What is -1111011010 (base 2) in base 15?
-45b
-1c81 (base 14) to base 11
-3a06
What is 7726 (base 9) in base 3?
21210220
What is -20431 (base 6) in base 15?
-c3a
What is 3535 (base 6) in base 15?
3bb
-152262 (base 7) to base 2
-111001111001000
What is -10120 (base 4) in base 13?
-187
What is -13230 (base 4) in base 15?
-22c
What is 431 (base 14) in base 11?
692
946 (base 14) to base 10
1826
What is 24027 (base 8) in base 6?
115303
Convert 101001000100111 (base 2) to base 11.
1488a
Convert ba6 (base 12) to base 11.
1315
What is -620 (base 8) in base 10?
-400
What is -301222 (base 4) in base 12?
-1a0a
-1771 (base 14) to base 7
-15201
141201 (base 5) to base 11
43a4
What is 121222 (base 3) in base 11?
387
What is 58176 (base 10) in base 14?
172b6
Convert 376 (base 9) to base 2.
100111000
What is 2d17 (base 16) in base 12?
681b
Convert -234155 (base 6) to base 16.
-4f97
Convert 292 (base 12) to base 16.
18e
-14506 (base 8) to base 12
-38b2
What is 1000110011001 (base 2) in base 9?
6155
Convert f99 (base 16) to base 7.
14433
What is -1521 (base 16) in base 14?
-1d85
Convert 777 (base 13) to base 2.
10100000001
Convert -2656 (base 7) to base 15.
-481
What is -4417 (base 8) in base 10?
-2319
Convert -324 (base 6) to base 7.
-235
Convert -334014 (base 6) to base 7.
-144616
What is 15213 (base 6) in base 13?
1170
-291 (base 15) to base 6
-2414
2148 (base 9) to base 4
120233
-121103 (base 5) to base 8
-10660
Convert -1011000 (base 3) to base 4.
-31011
What is -382b (base 13) in base 2?
-1111100101100
What is 47820 (base 9) in base 14?
b949
Convert 66 (base 7) to base 3.
1210
Convert -2112331 (base 4) to base 10.
-9661
-1414002 (base 5) to base 9
-44112
Convert 4a9b (base 13) to base 3.
112112211
What is 352 (base 8) in base 6?
1030
What is -132446 (base 7) in base 13?
-b465
-31703 (base 9) to base 14
-790a
111313 (base 6) to base 16
24bd
Convert -1664 (base 10) to base 8.
-3200
1412 (base 13) to base 15
cc8
-23 (base 14) to base 13
-25
-531 (base 10) to base 16
-213
Convert e43e (base 15) to base 8.
136121
Convert -11015 (base 6) to base 16.
-5f3
What is 5945 (base 15) in base 14?
6ca9
What is -1475 (base 16) in base 12?
-3045
9f6 (base 16) to base 2
100111110110
-624 (base 9) to base 15
-23d
Convert 7184 (base 11) to base 14.
368a
Convert 1312 (base 15) to base 14.
16a7
What is 2587 (base 9) in base 7?
5443
Convert 12c26 (base 13) to base 12.
1831b
-2e0 (base 16) to base 4
-23200
Convert -3195 (base 11) to base 5.
-113333
Convert -1440320 (base 5) to base 9.
-46112
-2312 (base 4) to base 15
-c2
Convert 747 (base 11) to base 9.
1207
23472 (base 10) to base 14
87a8
Convert -220166 (base 7) to base 11.
-26a32
95 (base 14) to base 10
131
What is -1521 (base 7) in base 9?
-740
What is 1072 (base 10) in base 12?
754
Convert 3848 (base 11) to base 16.
1395
Convert 3226 (base 8) to base 7.
4626
What is 23640 (base 10) in base 3?
1012102120
What is -35 (base 9) in base 8?
-40
Convert 10011111010 (base 2) to base 3.
1202012
What is e736 (base 15) in base 7?
262332
What is -17072 (base 9) in base 2?
-10110111010001
96 (base 13) to base 5
443
What is 1102212022 (base 3) in base 4?
12322223
What is 109b2 (base 16) in base 8?
204662
-10657 (base 8) to base 4
-1012233
Convert -500 (base 9) to base 3.
-120000
What is 111111011100 (base 2) in base 15?
130a
Convert -132425 (base 6) to base 7.
-50510
391 (base 14) to base 2
1011001011
-1196 (base 10) to base 12
-838
-456 (base 7) to base 2
-11101101
What is 3b1a (base 15) in base 10?
12625
What is -15b (base 15) in base 3?
-102112
-111111210 (base 3) to base 9
-14453
Convert -5a (base 11) to base 3.
-2102
-11110111 (base 2) to base 4
-3313
-531 (base 6) to base 4
-3013
4027 (base 11) to base 12
3121
What is 2c8 (base 15) in base 14?
338
What is 1b4 (base 15) in base 14?
202
-100250 (base 6) to base 15
-2503
12715 (base 11) to base 10
18166
-19681 (base 11) to base 14
-9dd9
What is 317 (base 10) in base 3?
102202
Convert a13 (base 15) to base 10.
2268
10454 (base 6) to base 3
2000121
1228 (base 9) to base 10
917
What is 7e21 (base 15) in base 4?
12202312
Convert -1527 (base 11) to base 14.
-a05
-21341 (base 5) to base 2
-10110111111
What is -3124 (base 6) in base 3?
-221221
What is 1022111201 (base 3) in base 5?
1312020
-298a (base 15) to base 12
-51a1
What is -2002303 (base 4) in base 15?
-2731
Convert 310 (base 10) to base 6.
1234
Convert -12001021 (base 3) to base 16.
-e5f
What is 12436 (base 7) in base 5?
101220
What is -110211 (base 3) in base 8?
-532
3463 (base 7) to base 3
1202001
-3635 (base 8) to base 13
-b6c
Convert -50450 (base 7) to base 15.
-395b
-2a0 (base 12) to base 13
-255
15e (base 16) to base 6
1342
3130030 (base 4) to base 3
201022221
-1420131 (base 5) to base 9
-44314
Convert bd36 (base 14) to base 7.
164366
Convert -1560 (base 10) to base 13.
-930
34102 (base 5) to base 3
10021222
Convert 1001000000 (base 2) to base 3.
210100
Convert 141241 (base 6) to base 13.
6070
What is 2256 (base 7) in base 10?
825
Convert -5461 (base 12) to base 2.
-10010001001001
What is 102150 (base 6) in base 15?
26b9
Convert 434 (base 16) to base 8.
2064
What is -10001121201 (base 3) in base 7?
-340411
614 (base 7) to base 10
305
402 (base 9) to base 11
277
-23154 (base 8) to base 4
-2121230
Convert -710 (base 8) to base 15.
-206
What is 10010111101001 (base 2) in base 14?
3773
3243133 (base 5) to base 15
11913
-11002 (base 5) to base 13
-45b
Convert -2222010 (base 3) to base 16.
-873
Convert 3112120 (base 4) to base 13.
6325
-2322 (base 8) to base 3
-1200201
What is 1b35 (base 15) in base 10?
5900
-111111010100 (base 2) to base 6
-30432
Convert 13513 (base 8) to base 13.
2939
632 (base 11) to base 6
3305
Convert 719 (base 10) to base 12.
4bb
What is 304 (base 5) in base 11?
72
-417 (base 11) to base 2
-111110110
Convert -45107 (base 10) to base 12.
-2212b
Convert 130235 (base 8) to base 6.
545153
Convert -50140 (base 6) to base 10.
-6540
What is -2440023 (base 5) in base 10?
-46263
-87077 (base 9) to base 12
-29451
22010221 (base 3) to base 12
352a
Convert -10256 (base 8) to base 9.
-5764
Convert 32305 (base 8) to base 11.
a171
What is 1022 (base 4) in base 9?
82
Convert -6174 (base 11) to base 3.
-102020021
Convert 254063 (base 7) to base 10.
47036
Convert -228 (base 11) to base 2.
-100010000
Convert -46055 (base 10) to base 14.
-12ad9
-835 (base 10) to base 5
-11320
303322 (base 6) to base 16
5e22
-fa (base 16) to base 6
-1054
Convert -220 (base 10) to base 15.
-ea
Convert 21233 (base 8) to base 4.
2022123
-914 (base 14) to base 2
-11011110110
13220 (base 7) to base 11
2730
Convert 1102 (base 6) to base 8.
376
What is 4224 (base 15) in base 3?
201011221
442113 (base 5) to base 9
22861
121120 (base 3) to base 5
3242
-42762 (base 8) to base 10
-17906
What is -467a (base 15) in base 11?
-10275
What is 2b1 (base 12) in base 16?
1a5
What is -107 (base 15) in base 16?
-e8
Convert 1073 (base 13) to base 10.
2291
Convert -3701 (base 11) to base 10.
-4841
716 (base 11) to base 14
45a
